 is -11 + 120002111?
120002100
In base 9, what is 0 + -144565?
-144565
In base 16, what is -222a - -47?
-21e3
In base 13, what is -4 - -232b?
2327
In base 15, what is 93bda + -3?
93bd7
In base 4, what is 2233 + -302132?
-233233
In base 6, what is 2025533 - 10?
2025523
In base 14, what is -14ac - c5?
-1593
In base 14, what is -c1b - aa?
-cc7
In base 12, what is -8 - 23141?
-23149
In base 12, what is a594 + 2?
a596
In base 4, what is 113113 + 2011?
121130
In base 7, what is 442 + -22120?
-21345
In base 10, what is -4 + 118877?
118873
In base 12, what is -8 + -1a5b2?
-1a5ba
In base 15, what is 29d6 - 34?
29a2
In base 15, what is 317a - 1?
3179
In base 13, what is -82 - -3bb?
339
In base 8, what is -47072 - -2?
-47070
In base 9, what is 12 + -587?
-575
In base 9, what is -2537764 + -3?
-2537767
In base 10, what is -2698 + 0?
-2698
In base 11, what is -25 + 2a20?
29a6
In base 3, what is -10221 + 12?
-10202
In base 10, what is -9 - 35123?
-35132
In base 6, what is -5 - 31553?
-32002
In base 10, what is -100 - 1988?
-2088
In base 16, what is -5 - de7b3?
-de7b8
In base 5, what is -132 + 11423444?
11423312
In base 6, what is -1 + 350202?
350201
In base 12, what is 1359 - 129?
1230
In base 12, what is -a06 + -3b0?
-11b6
In base 7, what is -6 - 5233133?
-5233142
In base 9, what is -17 + -255?
-273
In base 8, what is 15 + 336254?
336271
In base 7, what is 353252 + 0?
353252
In base 4, what is 22 + -2011312?
-2011230
In base 14, what is 478dd + -6?
478d7
In base 12, what is 76937 - 1?
76936
In base 10, what is -96678 + 5?
-96673
In base 3, what is 220210021 - 202?
220202112
In base 9, what is -5408 + -1054?
-6463
In base 11, what is 243a0 - 4?
24397
In base 16, what is -f8 + e70?
d78
In base 4, what is 2 + 21222111?
21222113
In base 3, what is 122212222121 - 10?
122212222111
In base 3, what is 122 + -1022021?
-1021122
In base 9, what is 2 + 20087?
20100
In base 9, what is 5135 + 40?
5175
In base 6, what is 355355 - 3?
355352
In base 7, what is 11 + 11314?
11325
In base 16, what is a483 + 5?
a488
In base 14, what is -378ba5 - 2?
-378ba7
In base 5, what is 32 - 32321?
-32234
In base 16, what is -3 - 1ea3?
-1ea6
In base 4, what is -103331313 - 1?
-103331320
In base 10, what is -98 + 482?
384
In base 10, what is -5435 - 10?
-5445
In base 15, what is 17818 - 17?
17801
In base 3, what is -10201101120 + 1?
-10201101112
In base 5, what is 20431 - 2222?
13204
In base 12, what is 5 - b445?
-b440
In base 15, what is -5 + 5e26?
5e21
In base 11, what is 2720 - 10?
2710
In base 16, what is 4b - -8fc?
947
In base 3, what is 10012102021 - -10?
10012102101
In base 4, what is 10321023 - 1301?
10313122
In base 7, what is 641 - -22451?
23422
In base 9, what is -10753 - 37?
-10801
In base 4, what is 100130 - 1200?
32330
In base 5, what is 4130440 - 23?
4130412
In base 6, what is 0 - -112535?
112535
In base 3, what is -121002012000001 + -10?
-121002012000011
In base 9, what is 408 - -242?
651
In base 2, what is 1100111101 - -100001011101?
101110011010
In base 10, what is -3826 - -20?
-3806
In base 2, what is -110110101000110 - -1?
-110110101000101
In base 12, what is -36 - -1038?
1002
In base 11, what is 36245 + 1?
36246
In base 7, what is 65263 - 1?
65262
In base 8, what is 64327 + -1?
64326
In base 4, what is -1013233 - 3002?
-1022301
In base 4, what is -1010120 + 21?
-1010033
In base 7, what is -101541 + 3?
-101535
In base 16, what is -2a37 - 3c?
-2a73
In base 3, what is -202200202 + 110?
-202200022
In base 2, what is -10001001111110100010 - 100?
-10001001111110100110
In base 14, what is d - -31dc6?
31dd5
In base 15, what is -18abe + -4?
-18ac3
In base 5, what is -1041 + -33301?
-34342
In base 10, what is 40009 - -2?
40011
In base 4, what is 10121 - -2221?
13002
In base 7, what is -4 + -11130?
-11134
In base 8, what is 11745374 + 0?
11745374
In base 6, what is 0 - 1540541?
-1540541
In base 6, what is -32021 - -21?
-32000
In base 6, what is -200430 - 214?
-201044
In base 15, what is -3a0d9 - 1?
-3a0da
In base 12, what is -4711 - -1?
-4710
In base 9, what is -154043 + 17?
-154025
In base 6, what is 1 - 5221435?
-5221434
In base 10, what is 54156 + 7?
54163
In base 7, what is 630623 - 2?
630621
In base 15, what is 66d - 233?
43a
In base 5, what is 3334422243 + -4?
3334422234
In base 7, what is -20050 - -54?
-16663
In base 14, what is -2c8 + -161?
-449
In base 11, what is 21337 - -1?
21338
In base 13, what is 8a4 - -6?
8aa
In base 10, what is 731968 - 3?
731965
In base 7, what is 25452 - -35?
25520
In base 16, what is 59e3 - -15?
59f8
In base 5, what is 1014422 + 13?
1014440
In base 15, what is 14de8c - 2?
14de8a
In base 10, what is 7035 - 0?
7035
In base 13, what is c65c2 + -1?
c65c1
In base 4, what is 200 + -33231213?
-33231013
In base 10, what is -55 + 35517?
35462
In base 15, what is -472 - -12b?
-346
In base 15, what is 1ed0 - 44?
1e8b
In base 10, what is -7 + 49531?
49524
In base 5, what is 2042 + -20203?
-13111
In base 8, what is 11 + 216441?
216452
In base 9, what is 106 + 1218?
1325
In base 8, what is 1005 - -504?
1511
In base 8, what is -12154 - 6?
-12162
In base 6, what is 34505 - 11?
34454
In base 5, what is 2003 + 23140?
30143
In base 5, what is 110211 - -143?
110404
In base 16, what is -b - -13e?
133
In base 4, what is -203 - 20012321?
-20013130
In base 16, what is -5 - -138373?
13836e
In base 10, what is -8710 + -4?
-8714
In base 10, what is -31745 - 2?
-31747
In base 8, what is -3 + 547437?
547434
In base 5, what is 13 + 13241013?
13241031
In base 6, what is -14202 + 45?
-14113
In base 8, what is 7 - -146431?
146440
In base 4, what is 33303 - 210?
33033
In base 14, what is 20b9d - -2?
20ba1
In base 11, what is 51 - -7598?
7639
In base 8, what is 41 + -1162?
-1121
In base 5, what is -313044 + -2?
-313101
In base 2, what is -10011110011101011000101 - 0?
-10011110011101011000101
In base 5, what is 1 - 33433222?
-33433221
In base 2, what is -10111011000 + 101001001?
-10010001111
In base 11, what is 4222 + 68?
428a
In base 13, what is 26b9 + -a?
26ac
In base 14, what is -d332 - 2?
-d334
In base 2, what is -11011010100001101 - 0?
-11011010100001101
In base 3, what is 1 - 120201?
-120200
In base 13, what is -6b15 + -6?
-6b1b
In base 2, what is 101001000001101 - -111111?
101001001001100
In base 14, what is -7 + -1c68?
-1c71
In base 14, what is -121b23 + -4?
-121b27
In base 10, what is 8 - -12378?
12386
In base 3, what is -221 + -101001212?
-101002210
In base 10, what is -5 + -685?
-690
In base 7, what is 455161 + -41?
455120
In base 12, what is 62554 + 3?
62557
In base 10, what is 1222 + 7?
1229
In base 9, what is 157360 + 56?
157426
In base 10, what is 24 + 487?
511
In base 3, what is 0 - -211102000011?
211102000011
In base 12, what is 3a + -2916?
-2898
In base 11, what is 17 - -4a060?
4a077
In base 5, what is 34221312 + 24?
34221341
In base 6, what is 5 - -31534?
31543
In base 16, what is -2201 + -2?
-2203
In base 7, what is 1310 - 333?
644
In base 7, what is -4 - -60663?
60656
In base 8, what is -30016 + -6?
-30024
In base 15, what is 1a0ba - -4?
1a0be
In base 15, what is -2839 - -7?
-2832
In base 16, what is 48005 + -6?
47fff
In base 3, what is -1002201121001 - -2?
-1002201120222
In base 4, what is 31122113 - 10?
31122103
In base 6, what is 31125 - -133?
31302
In base 10, what is 212 - -790?
1002
In base 8, what is -1075 - -672?
-203
In base 2, what is 11110111100 - -1000001?
11111111101
In base 9, what is 5576230 + 5?
5576235
In base 4, what is -12012 + -12011?
-30023
In base 13, what is -8c + 5300?
5241
In base 9, what is -4104 - -5?
-4088
In base 5, what is 1020230 - 10?
1020220
In base 8, what is -17017661 + 5?
-17017654
In base 13, what is 5c + 689?
718
In base 8, what is 101 - 11252?
-11151
In base 10, what is 1 - 3020?
-3019
In base 4, what is -21220000 - 13?
-21220013
In base 16, what is 5 - 2c1d?
-2c18
In base 9, what is 10 - 20127?
-20117
In base 10, what is 10378 - -278?
10656
In base 6, what is -3 - 152222?
-152225
In base 9, what is -604 + -67?
-672
In base 3, what is -1102200 + -102?
-1110002
In base 11, what is -19109 + -4?
-19112
In base 5, what is 1 + -2423001?
-2423000
In base 16, what is -8 - e35?
-e3d
In base 5, what is 1202111 - -13?
1202124
In base 10, what is 60972 + -5?
60967
In base 4, what is 31223 - -1011?
32300
In base 9, what is 1 - 